rue
Is 10 a factor of 223110?
True
Does 49 divide 398640?
False
Is 3812030 a multiple of 1030?
True
Is 904128 a multiple of 7?
False
Does 814 divide 874362?
False
Does 41 divide 493025?
True
Is 11136369 a multiple of 723?
True
Is 4408288 a multiple of 32?
True
Is 140286 a multiple of 31?
False
Does 139 divide 79806?
False
Is 4572909 a multiple of 611?
False
Is 1555476 a multiple of 177?
True
Does 10 divide 17585677?
False
Is 1167540 a multiple of 671?
True
Does 134 divide 2875774?
True
Does 23 divide 42661?
False
Is 46 a factor of 39528?
False
Does 3 divide 180237?
True
Does 37 divide 1801588?
False
Is 11040 a multiple of 2?
True
Is 124 a factor of 3591666?
False
Is 109 a factor of 10829586?
True
Does 138 divide 3576546?
True
Is 143228 a multiple of 20?
False
Does 22 divide 64108?
True
Is 4094847 a multiple of 893?
False
Is 348204 even?
True
Does 30 divide 5507340?
True
Is 2923656 a multiple of 86?
True
Is 303 a factor of 1798305?
True
Is 118 a factor of 11779407?
False
Is 110768 a multiple of 18?
False
Does 57 divide 259084?
False
Does 13 divide 245271?
True
Is 368 a factor of 210496?
True
Does 13 divide 305138?
False
Does 8 divide 3272008?
True
Does 2 divide 33678?
True
Is 979 a factor of 481668?
True
Does 9 divide 290241?
True
Is 326530 a multiple of 10?
True
Does 254 divide 10041636?
True
Is 15414 a multiple of 6?
True
Is 13 a factor of 254807?
False
Is 81 a factor of 24634399?
False
Is 82 a factor of 916958?
False
Does 112 divide 21625072?
True
Is 2200003 a multiple of 223?
False
Does 18 divide 3288384?
True
Is 17 a factor of 47032?
False
Is 13 a factor of 297674?
True
Does 140 divide 1642551?
False
Is 657465 a multiple of 265?
True
Is 10 a factor of 1236198?
False
Does 22 divide 430980?
True
Is 11 a factor of 8468878?
True
Is 242128 a multiple of 50?
False
Is 206 a factor of 356429?
False
Is 50 a factor of 935650?
True
Is 161518 a multiple of 14?
True
Is 171864 a multiple of 99?
True
Does 543 divide 402906?
True
Is 106281 a multiple of 147?
True
Does 19 divide 261668?
True
Is 1749 a factor of 14177394?
True
Does 12 divide 42478?
False
Does 695 divide 3296728?
False
Is 27 a factor of 841887?
True
Does 4 divide 62384?
True
Is 13 a factor of 1481400?
False
Is 874968 a multiple of 12?
True
Is 396 a factor of 149037?
False
Is 3642645 a multiple of 41?
True
Is 300693 a multiple of 339?
True
Does 77 divide 61761?
False
Is 104 a factor of 33640984?
True
Is 28 a factor of 581401?
False
Is 1772 a factor of 17108660?
True
Does 1192 divide 15347289?
False
Is 68 a factor of 73106?
False
Is 16897476 a multiple of 22?
False
Is 7739160 a multiple of 12?
True
Does 36 divide 11955492?
True
Is 862650 a multiple of 243?
True
Does 9 divide 9190174?
False
Is 748020 a multiple of 35?
True
Is 329 a factor of 8640?
False
Is 6152663 a multiple of 1132?
False
Does 35 divide 55300?
True
Is 11 a factor of 469691?
False
Is 8 a factor of 479945?
False
Is 686495 a multiple of 43?
True
Is 2126600 a multiple of 280?
True
Does 59 divide 83072?
True
Does 31 divide 170066?
True
Is 26 a factor of 809042?
True
Does 23 divide 11126119?
False
Is 15 a factor of 311715?
True
Does 354 divide 706230?
True
Does 895 divide 5220252?
False
Is 38993 a multiple of 7?
False
Is 14417 a multiple of 108?
False
Is 599060 a multiple of 44?
True
Is 2177977 a multiple of 132?
False
Is 1306340 a multiple of 1085?
True
Does 104 divide 64933?
False
Is 41 a factor of 12374355?
False
Is 18 a factor of 1836828?
True
Does 156 divide 5997576?
True
Does 143 divide 1912768?
True
Does 425 divide 268600?
True
Does 79 divide 303044?
True
Is 49 a factor of 76545?
False
Does 182 divide 263867?
False
Is 25 a factor of 19125?
True
Is 14 a factor of 204316?
True
Is 455 a multiple of 91?
True
Does 22 divide 8716185?
False
Is 44641 a multiple of 36?
False
Does 311 divide 12055293?
True
Is 17 a factor of 665686?
True
Is 51 a factor of 379746?
True
Does 83 divide 513794?
False
Does 2 divide 37865?
False
Is 834105 a multiple of 6?
False
Is 617661 a multiple of 1101?
True
Is 267855 a multiple of 15?
True
Is 14 a factor of 11298?
True
Is 2304156 a multiple of 75?
False
Does 111 divide 799080?
False
Does 73 divide 20189?
False
Does 12 divide 17184?
True
Is 74 a factor of 49062?
True
Is 232 a factor of 7782672?
True
Does 118 divide 393530?
True
Does 230 divide 280600?
True
Is 29040 a multiple of 65?
False
Is 238947 a multiple of 29?
False
Is 689976 a multiple of 74?
True
Does 16 divide 1915088?
True
Is 4199 a multiple of 17?
True
Is 20 a factor of 3484821?
False
Is 22 a factor of 123200?
True
Is 76 a factor of 3395716?
False
Does 3 divide 74487?
True
Is 9 a factor of 292230?
True
Does 457 divide 306814?
False
Does 17 divide 18547?
True
Is 402272 a multiple of 26?
True
Is 368 a factor of 151248?
True
Is 1283849 a multiple of 42?
False
Does 9 divide 921896?
False
Does 50 divide 439600?
True
Is 14 a factor of 13650?
True
Does 3 divide 15477?
True
Is 15 a factor of 2512065?
True
Is 113 a factor of 429813?
False
Is 795702 a multiple of 51?
True
Is 5939256 a multiple of 51?
True
Is 576 a factor of 1425600?
True
Does 176 divide 3291999?
False
Is 290780 a multiple of 134?
True
Is 108 a factor of 3925068?
False
Is 462 a factor of 1559047?
False
Does 13 divide 3681587?
True
Is 1600960 a multiple of 320?
True
Is 1411072 a multiple of 208?
True
Does 97 divide 1516824?
False
Is 457842 a multiple of 77?
True
Is 13 a factor of 176797?
False
Is 32 a factor of 2502745?
False
Does 9 divide 548?
False
Does 53 divide 3044575?
False
Is 179 a factor of 1483373?
True
Is 46428 a multiple of 212?
True
Is 55 a factor of 37887?
False
Is 130 a factor of 26130?
True
Is 388 a factor of 177704?
True
Does 234 divide 95241?
False
Is 4530526 a multiple of 11?
True
Is 6 a factor of 453168?
True
Is 306052 a multiple of 19?
True
Does 9 divide 109665?
True
Does 102 divide 785587?
False
Is 19 a factor of 165198?
False
Does 2 divide 182828?
True
Is 27748 a multiple of 269?
False
Is 623 a factor of 215672?
False
Is 29 a factor of 723015?
False
Is 53 a factor of 4611?
True
Is 7 a factor of 529665?
False
Does 110 divide 356938?
False
Is 490314 a multiple of 21?
False
Does 36 divide 295992?
True
Is 223 a factor of 619924?
False
Is 6644280 a multiple of 340?
True
Is 80 a factor of 27760?
True
Does 43 divide 345684?
False
Does 10 divide 49092?
False
Is 11 a factor of 352572?
True
Is 3750316 a multiple of 4?
True
Is 724945 a multiple of 65?
True
Does 206 divide 415708?
True
Does 10 divide 233895?
False
Is 1931244 a multiple of 155?
False
Is 8 a factor of 2831976?
True
Is 6 a factor of 143364?
True
Does 30 divide 153960?
True
Does 14 divide 148792?
True
Does 5 divide 4225259?
False
Is 1391444 a multiple of 715?
False
Is 20 a factor of 4202438?
False
Does 242 divide 94864?
True
Is 134 a factor of 179?
False
Is 5 a factor of 38780?
True
Is 9798 even?
True
Does 463 divide 717187?
True
Does 11 divide 386540?
True
Is 24 a factor of 119127?
False
Is 214723 a multiple of 13?
False
Is 8721555 a multiple of 267?
True
Is 2533179 a multiple of 957?
True
Does 9 divide 58707?
True
Does 12 divide 1093092?
True
Does 163 divide 438259?
False
Is 47 a factor of 80323?
True
Does 26 divide 1294072?
True
Is 3299793 a multiple of 170?
False
Does 207 divide 158887?
False
Is 1549 a multiple of 6?
False
Is 286820 a multiple of 5?
True
Is 12695855 a multiple of 21?
False
Is 3202260 a multiple of 478?
False
Is 304 a factor of 1671071?
False
Does 31 divide 85894?
False
Does 10 divide 12952790?
True
Does 24 divide 835632?
True
Is 447 a factor of 649044?
True
Is 3979844 a multiple of 62?
False
Is 13 a factor of 2342119?
True
Does 135 divide 113670?
True
Is 936 a factor of 1094314?
False
Does 54 divide 445284?
True
Is 399109 a multiple of 183?
False
Is 742209 a multiple of 39?
True
Does 32 divide 258348?
False
Is 396 a factor of 3803580?
True
Does 45 divide 6152781?
False
Is 214536 a multiple of 84?
True
Is 151 a factor of 2745219?
False
Is 65 a factor of 12191713?
False
Does 379 divide 598641?
False
Is 2532200 a multiple of 200?
True
Is 1198 a factor of 3621554?
True
Is 407624 a multiple of 67?
False
Is 14 a factor of 634688?
False
Does 14 divide 1243116?
True
Does 80 divide 631600?
True
Is 23 a factor of 420713?
False
Is 247 a factor of 9633?
True
Does 8 divide 2419432?
True
Does 11 divide 22